at is -64a71 (base 12) in base 7?
-1062220
-357ab (base 13) to base 10
-97992
Convert -1000100100100000110100 (base 2) to base 8.
-10444064
412b7 (base 12) to base 9
138654
20202001212210 (base 3) to base 9
6661783
-2318277 (base 12) to base 14
-c7b21d
Convert -12011212122 (base 3) to base 14.
-29237
-2662506 (base 7) to base 10
-351483
10142223 (base 6) to base 2
1000111101000100111
44913 (base 15) to base 7
1565460
What is -1993b8a (base 14) in base 3?
-212221120001222
What is 635827 (base 13) in base 4?
20313310303
Convert -524404 (base 6) to base 12.
-20704
-1042551 (base 6) to base 13
-1ab72
-1dd490 (base 15) to base 6
-51202230
Convert 133233202 (base 4) to base 14.
35550
What is 43112222 (base 5) in base 9?
613478
-14741 (base 10) to base 15
-457b
Convert 4b890 (base 12) to base 7.
606624
Convert 420352 (base 8) to base 3.
21002100121
What is -2d027 (base 15) in base 8?
-433412
4cc9 (base 13) to base 7
44005
-457003 (base 9) to base 13
-979c2
What is 11111001110000010 (base 2) in base 4?
133032002
35324211 (base 7) to base 13
851148
What is -300032022 (base 4) in base 7?
-1451562
What is 1022213013 (base 4) in base 3?
120112012210
Convert -241661155 (base 7) to base 16.
-e5c0cf
13532252 (base 6) to base 3
212112101212
-204a761 (base 11) to base 9
-6721077
-5a9080 (base 14) to base 3
-12211101210000
-1100010100101111010111 (base 2) to base 16
-314bd7
Convert -604611 (base 7) to base 13.
-3787b
What is -5466a5 (base 11) in base 10?
-872646
What is -131353320 (base 6) in base 16?
-279f30
Convert -1729d (base 14) to base 4.
-32030223
What is -1180acd (base 14) in base 4?
-133331013331
48136 (base 12) to base 16
17aba
Convert 1004322 (base 6) to base 9.
72315
Convert 13202222322 (base 4) to base 8.
7425272
3020244431 (base 5) to base 3
102100002201211
What is -14543658 (base 10) in base 6?
-1235415430
Convert -785a7 (base 13) to base 3.
-102002201001
What is -2597951 (base 13) in base 6?
-1100324002
Convert -413320313 (base 5) to base 10.
-1698208
-b2362 (base 12) to base 7
-1654361
What is -296560 (base 11) in base 7?
-3634323
What is -130013010 (base 4) in base 12?
-56770
What is 1011110000101000001011 (base 2) in base 6?
150024015
-4408218 (base 9) to base 15
-31b94b
Convert -12214123 (base 5) to base 10.
-116788
What is 21112211121 (base 3) in base 12?
71bb1
1010101011010001101 (base 2) to base 7
2654635
Convert -10025241 (base 6) to base 7.
-2261062
What is 1197497 (base 13) in base 16?
537c62
Convert -3074b (base 12) to base 14.
-190b9
What is 301a (base 14) in base 3?
102022210
Convert 1011110100011010111 (base 2) to base 16.
5e8d7
-14371214 (base 8) to base 11
-1936359
73787 (base 12) to base 2
100100111110010111
Convert -50231135 (base 6) to base 13.
-3a90a3
Convert -2250244 (base 6) to base 3.
-12212100201
Convert 182b9 (base 13) to base 16.
b623
Convert -1716030 (base 8) to base 9.
-840084
What is 311132301 (base 4) in base 13?
78927
What is -134651 (base 9) in base 2?
-10100000100000100
Convert -437137 (base 10) to base 4.
-1222232101
141351531 (base 6) to base 14
54c299
What is -c971d (base 14) in base 6?
-14235011
Convert 10020403100 (base 5) to base 11.
5676164
-24144000 (base 5) to base 11
-143a52
-77293 (base 11) to base 16
-1b614
What is -231212023 (base 4) in base 6?
-4000351
Convert 31013001 (base 4) to base 8.
150701
Convert 111101010101001110000 (base 2) to base 8.
7525160
-111004241 (base 7) to base 10
-6707492
-4332633 (base 7) to base 4
-2001031020
What is 4851717 (base 10) in base 14?
904193
-1038106 (base 10) to base 7
-11552356
5953 (base 15) to base 3
222000220
643a8a (base 11) to base 8
3734033
178413 (base 14) to base 3
1120010211211
220155151 (base 6) to base 5
2001401012
What is -2493 (base 15) in base 5?
-222123
Convert 1929646 (base 10) to base 9.
3560871
-10100110010101100011 (base 2) to base 3
-1021121120220
Convert 2ee0ad (base 15) to base 16.
22b661
Convert -33280b (base 12) to base 7.
-6625130
What is 333210312 (base 4) in base 5?
31313111
Convert 1b53d7a (base 14) to base 9.
27612275
Convert 8807a8 (base 13) to base 9.
6016705
-236406 (base 12) to base 9
-1060016
Convert 436817 (base 11) to base 16.
aa30b
Convert 130232343 (base 5) to base 13.
192449
2532541 (base 6) to base 14
37b77
Convert 11002002101102 (base 3) to base 14.
405965
-1143235 (base 6) to base 2
-1110101111000111
What is -8132776 (base 9) in base 11?
-2499a64
What is -6d7758 (base 15) in base 13?
-1115bb8
Convert 12132201 (base 5) to base 12.
56444
Convert 727c (base 16) to base 14.
a976
What is a323 (base 16) in base 4?
22030203
17ab (base 16) to base 6
44015
-e1eec (base 15) to base 12
-2a6089
What is -15033142 (base 8) in base 12?
-1190256
What is -65deb (base 15) in base 13?
-b44a6
Convert 63089 (base 10) to base 6.
1204025
Convert -350720 (base 8) to base 4.
-131013100
32323222 (base 4) to base 7
343213
What is 56734 (base 8) in base 11?
17064
Convert -10010110101001011000101 (base 2) to base 12.
-17a0859
What is 15651333 (base 8) in base 5?
1412010231
183aa (base 16) to base 15
1e612
What is 13115254 (base 6) in base 4?
1221001102
Convert -4422101 (base 6) to base 9.
-365771
What is 2120011200 (base 3) in base 11?
34983
-1001100111001000 (base 2) to base 10
-39368
Convert 31533211 (base 7) to base 5.
1141240101
What is -132434422 (base 5) in base 8?
-2437005
What is -3464249 (base 10) in base 5?
-1341323444
What is -32639 (base 10) in base 14?
-bc75
-3272553 (base 11) to base 2
-10101111010000000000101
-b7901 (base 12) to base 15
-4b844
What is -c3d1d (base 16) in base 10?
-802077
-3204165 (base 7) to base 9
-651243
What is a72b (base 14) in base 4?
13002303
Convert 2130002103 (base 4) to base 13.
194ba4
What is -525162 (base 7) in base 12?
-44559
What is -1949a96 (base 11) in base 15?
-450a03
Convert 137c715 (base 14) to base 16.
90235f
What is 32b983 (base 12) in base 14?
17084b
-a243e (base 16) to base 13
-1a36a0
-20554565 (base 9) to base 14
-1458cac
2c94b (base 14) to base 15
230e6
What is 6746 (base 9) in base 8?
11567
-112002122101220 (base 3) to base 12
-2613943
225a4 (base 13) to base 10
62495
What is -2241034 (base 5) in base 6?
-505504
What is -4414132 (base 5) in base 12?
-380b3
What is 33029 (base 11) in base 2?
1011101101001011
22112041 (base 6) to base 11
4129a7
Convert -22972 (base 10) to base 4.
-11212330
What is -215670 (base 10) in base 4?
-310221312
Convert -3b34b (base 14) to base 13.
-51656
Convert 234746 (base 10) to base 16.
394fa
What is -205228 (base 10) in base 12?
-9a924
Convert 71bd56 (base 15) to base 3.
101011200011100
-12341 (base 5) to base 4
-33023
What is 12120202000 (base 3) in base 4?
122311002
-332113003 (base 4) to base 2
-111110010111000011
Convert -422f7 (base 16) to base 14.
-70b1d
438645 (base 10) to base 16
6b175
-20441123 (base 6) to base 9
-1108126
Convert -1103233122 (base 5) to base 13.
-66002c
Convert -1000110001100011011 (base 2) to base 10.
-287515
Convert 214012020 (base 5) to base 10.
922760
-16b95 (base 13) to base 16
-aacc
What is 1dbab (base 14) in base 13?
28a07
What is -203152530 (base 6) in base 2?
-1101011001111011100110
-228a6bc (base 13) to base 6
-1020115303
-a4b6 (base 14) to base 12
-14514
What is -23606740 (base 9) in base 11?
-6558882
What is -1469608 (base 11) in base 10?
-2516324
Convert -2363da (base 14) to base 13.
-333b9b
What is -5ea9d (base 15) in base 12?
-127271
Convert 6454775 (base 9) to base 8.
15150116
What is 20960a (base 14) in base 5?
240222110
Convert -81403 (base 11) to base 7.
-1003532
Convert -1101000120 (base 3) to base 7.
-141453
Convert 4221043123 (base 5) to base 3.
121111111011200
-5121634 (base 7) to base 13
-184b6a
Convert 102334 (base 10) to base 7.
604231
What is 1000000111010010101 (base 2) in base 3?
111111201022
Convert 2132222213 (base 5) to base 8.
21336304
What is -2431b6 (base 13) in base 14?
-186ab9
24223221 (base 7) to base 5
1023012430
What is 1558913 (base 12) in base 15?
5ad8a9
What is -9bb576 (base 16) in base 2?
-100110111011010101110110
-22102121200010 (base 3) to base 16
-445cc2
Convert -14865 (base 15) to base 13.
-24086
What is -321422 (base 12) in base 6?
-24534442
58353a (base 11) to base 12
388580
Convert 3861 (base 14) to base 7.
40551
Convert -150789 (base 12) to base 11.
-221758
Convert -3a41ac (base 13) to